87*l = -385*l - 4. Suppose 133 - 830 = -j - i, -l*i = 0. List the prime factors of j.
17, 41
Suppose 3*f - 1106 = -g, -744 = -2*f - 11*g + 9*g. Suppose 7 + 1 = 4*u. Suppose 3*a - 6*a = v - 557, 0 = u*a + 5*v - f. List the prime factors of a.
2, 3, 31
Let k(v) be the second derivative of -43*v**3/3 + 15*v**2 - 67*v. What are the prime factors of k(-11)?
2, 61
Suppose 16 = -4*f, -7*z - 24 = -9*z + 5*f. List the prime factors of (-1110)/z*14/(-10).
3, 7, 37
Suppose 11*g + 4*g = 150. List the prime factors of -3 - 2/((-4)/g*1).
2
Suppose -45 - 51 = -8*g. Suppose 1724 + 1432 = g*k. Suppose -442 = -3*j - 2*h, j + k = 3*j - 5*h. List the prime factors of j.
2, 3
Let s be (-4)/28*0 + 30. Let m(d) = d**2 - 28*d + 86. List the prime factors of m(s).
2, 73
Suppose -34*y = y + 24745. Let o = 1211 + y. List the prime factors of o.
2, 3, 7
Suppose -7*a - 6*i = -8*i - 128975, 0 = a + 5*i - 18425. List the prime factors of a.
5, 11, 67
Let a be (-3 - 0)/9*3267/(-3). Suppose r - 10 - a = -3*m, 0 = -2*m - 4*r + 232. List the prime factors of m.
2, 3, 7
Suppose 1785616 = 14*m + 129*m - 31*m. What are the prime factors of m?
107, 149
Let y = -4585 + 2033. Let a = y - -4292. Suppose -5*p + 15*p = a. What are the prime factors of p?
2, 3, 29
Suppose b - 4784 = 3*a, 0 = -381*b + 384*b - a - 14304. What are the prime factors of b?
2, 2383
Suppose 528*x - 5488029 = 1218343 - 493924. List the prime factors of x.
2, 3, 37, 53
Let q(g) = g**3 + 13*g - 11. Let l be q(9). Let i = -100 + l. What are the prime factors of i?
3, 5, 7
Let y be ((-93)/62)/(1/((-4)/(-3))). Let v = -4 + y. List the prime factors of (-3386)/(-14) - v/42.
2, 11
Let k be -2 - 4/(-6)*6. Let g(r) = r**3 - 37*r - 1. Let t be g(-6). Suppose k*x - 5*x + 4*u = -97, -2*x - t*u + 80 = 0. List the prime factors of x.
5, 7
Let f be (-1 - -2) + (-7)/(14/6). Let z be -3 - (78/(-18))/(f/(-6)). List the prime factors of z/35 - (-369)/7.
53
Let g = -77 + 96. Let s(f) = 2*f**2 - 12*f - 28. What are the prime factors of s(g)?
2, 233
Let j = -48 - -7. Suppose 3*p = 12, -4*h + h - 71 = p. Let f = h - j. List the prime factors of f.
2
Suppose -38*x + 1565496 = 3*x + 112*x. What are the prime factors of x?
2, 1279
Suppose 15 = 3*l, -7*d = 24*l - 19*l - 94987. What are the prime factors of d?
2, 3, 7, 17, 19
Let q be (-50 - 1)/(34/(-6018)). Suppose -3*t = 6*t - q. What are the prime factors of t?
17, 59
Let y = 33444 + -9391. List the prime factors of y.
67, 359
List the prime factors of (1/(10/5886))/((-582)/(-10) - 58).
3, 109
Suppose -17315 = 2*q + t - 130183, 3*t - 395035 = -7*q. What are the prime factors of q?
56431
Suppose -504 + 7303 = 24*s - 18089. List the prime factors of s.
17, 61
Let q(h) = -8800*h - 6117. List the prime factors of q(-7).
113, 491
Suppose 14*o = 255 + 137. List the prime factors of (-4)/(o/266 - 63/418).
2, 11
Let y be 5 - 4 - 0/1. Let q be 1 + -3 + 9 - y/(-1). Suppose -q*s + 659 + 365 = 0. List the prime factors of s.
2
Suppose -15 = w + 5*i, -3*w + 5*i = -48 + 13. What are the prime factors of (w - -2) + 146 + (-3 - 2)?
2, 37
Suppose 6*k - 22*k = 224. What are the prime factors of 2/k - (3 + (-4539)/21)?
3, 71
Suppose 0 = 3*j - 3*g - 62718, 4*j + g = 28849 + 54775. List the prime factors of j.
2, 10453
Let u be 5/((-50)/(-20))*(13 + 0). Let v(b) = b**2 - 12*b - 12. What are the prime factors of v(u)?
2, 11
Let i(c) = 6*c**2 - 358*c + 65. What are the prime factors of i(73)?
5, 1181
Let d = -25 - -35. Let n(f) = f + 2. Let s(p) = 9*p + 15. Let q(v) = -6*n(v) + s(v). List the prime factors of q(d).
3, 11
Suppose -3*p - 4 = -0*c - 2*c, -3*c + 7 = -4*p. Suppose -h + 2*v = -p*v - 15, -17 = -h + 5*v. What are the prime factors of (-4)/14 - ((-807)/h)/1?
5, 23
Let z = 51 - 76. Let r be (-4672)/52 + -1 - 140/910. Let v = z - r. List the prime factors of v.
2, 3, 11
Let r = 104 + -100. Suppose -191 = -5*t + t + o, -173 = -r*t - 5*o. What are the prime factors of t?
47
Let d(h) = -122*h**3 - 29*h**2 + 3*h + 8. What are the prime factors of d(-5)?
2, 7, 17, 61
Let v = 511 + -535. What are the prime factors of (-18444)/v - 6/4?
13, 59
List the prime factors of ((-4)/20*1*-108)/(10/5075).
2, 3, 7, 29
Let y(s) = -4467*s - 145. What are the prime factors of y(-4)?
37, 479
Let p(w) = w**2 + 116*w + 202. What are the prime factors of p(118)?
2, 13907
Let q(z) = -167*z + 4989. What are the prime factors of q(-14)?
17, 431
Suppose -65*b + 66*b - 3*x - 21163 = 0, -6*b + 127029 = -x. What are the prime factors of b?
2, 67, 79
Let s(q) be the third derivative of q**5/12 - q**3/2 + 4*q**2 + 3*q. What are the prime factors of s(-7)?
2, 11
Let o(p) = 5*p**2 + 5*p**3 - 10*p**2 + 4*p + 8 + 14 - 2*p**2. List the prime factors of o(4).
2, 3, 41
Let c(w) = w**3 + 20*w**2 + 20*w + 24. Let a be c(-19). Suppose -a*n - 33 + 338 = 0. Let g = -50 + n. What are the prime factors of g?
11
Suppose 4*g - 2791 = 2*g - o, -2*g - 2*o = -2788. Suppose -5*i - 5*b = -2143 - 4812, i + 4*b = g. What are the prime factors of i?
3, 463
Suppose -a + 773 = 4*a + j, -3*j = -5*a + 781. Suppose 2*r = -a + 1535. Suppose 5*m - r = -4*i, -5*m - 64 + 414 = 2*i. What are the prime factors of i?
2, 5, 17
Let z = -50 - -53. Let b(o) = -97*o**3 - 3*o**2 + o + 2*o**2 - 2 - z*o + 0. List the prime factors of b(-1).
2, 3
Let b = 22268 - 4152. Suppose 12*p - b = -16*p. What are the prime factors of p?
647
Let v(c) = -5*c**3 + 5*c**2 - 3*c - 1. Let o be v(1). Suppose 0*t = -2*t. List the prime factors of (-23)/(o/4 - t).
23
Let r(a) = 15*a - 36. Let p be r(3). Suppose -l + p*l = 6016. List the prime factors of l.
2, 47
Let m = 49 - 132. Let a = m + 86. Suppose 5*x = 10, 810 = a*g + 3*x + 78. What are the prime factors of g?
2, 11
Suppose 5*v + 0*v - 845 = -5*z, 194 = v - 4*z. Suppose 5*x - v = -m, 884 - 80 = 5*m + 3*x. List the prime factors of m.
3, 53
Let p be -1*(5 - 4) + -43. Let w = 18 - p. Suppose -w*h + 64*h - 142 = 0. What are the prime factors of h?
71
Let k(c) be the second derivative of 5*c**3/6 - 15*c**2/2 + 23*c. Let f be k(15). What are the prime factors of f*(2 + -1) - -1?
61
Suppose 191*t = -268*t + 31917024. What are the prime factors of t?
2, 41, 53
Let a = -4220 + 20214. What are the prime factors of a?
2, 11, 727
Suppose 3*r = -4*x - 6068, 0 = -2*x + r - 489 - 2555. List the prime factors of x/(-19) + (3 - (1 - -1)).
3
Let c = 80370 + -34183. List the prime factors of c.
46187
Let y = 5573 + -8707. Let z = y + 5079. What are the prime factors of z?
5, 389
Let l = 5061 + -1455. What are the prime factors of l?
2, 3, 601
Suppose -7*g + 78 = -4*g. Suppose -1530 - 394 = -13*o. Suppose 0 = 6*s - o - g. List the prime factors of s.
29
Let s(w) = -17*w**3 + 14*w**2 - 7*w - 249. What are the prime factors of s(-9)?
3, 4447
Let b = -186 + 186. Suppose b = -3*y + 6, -21 - 38 = -q + 5*y. List the prime factors of q.
3, 23
Let t = 81 + -77. Suppose 3*v = -3*j + 22 + 158, -2*j + 236 = t*v. Let c = -38 + v. List the prime factors of c.
2, 5
Suppose -3*c + 5*d + 15 = 2*d, 0 = 5*c + 5*d - 5. Let n be 9/3 - (-2 - 567/c). Suppose 3*z - 2*z + 3*j = 35, -5*z = -4*j - n. List the prime factors of z.
2, 19
Let r = -471 + 475. Suppose -6*a + 1060 = -3*a + f, r*a + 3*f - 1405 = 0. What are the prime factors of a?
5, 71
Let c be (1/(-5 - -6))/(4/(-44)). What are the prime factors of (-36)/396 + (-5424)/c?
17, 29
Let p(r) = -r**2 - 12*r + 13. Let a be p(-14). Let o = a + 46. Suppose -5*w + 46 = o. What are the prime factors of w?
3
Suppose -4*n - 3*f = 7, 5*n - 9*f = -12*f - 8. What are the prime factors of 8/(-68) + (n - 93852/(-102))?
919
Suppose o + 304 - 308 = 0, -5*l = -o - 154691. What are the prime factors of l?
3, 10313
Suppose 10*v = 2*v + 72. List the prime factors of 3265/v - 6/(-27).
3, 11
Suppose 45*v - 321574 = -2*v. List the prime factors of v.
2, 11, 311
What are the prime factors of (-4)/(-6)*((-3725105)/(-106) - 16/2)?
59, 397
Let y(u) = -u**3 + 5*u**2 - 9*u + 5. Let d be y(5). Let w = d + 37. Let o = 65 - w. List the prime factors of o.
2, 17
Let i = -10687 - -19262. List the prime factors of i.
5, 7
Suppose 202*g = 199*g + 4*i + 4444, -5*g = 3*i - 7368. What are the prime factors of g?
2, 3, 41
Let s = -622 + 1224. List the prime factors of s.
2, 7, 43
Let s = 31 - 31. Suppose -o + 3 + s = 0, 6 = 5*b - 3*o. Suppose b*f - 70 = -v + 85, -2*